*2 + 0*h**3 + 2*h**3. Let s(v) = v**3 - 7*v**2 + 6*v. Let b(n) = -6*i(n) - 7*s(n). Give b(1).
0
Let i(b) = b**2 + b. Let x(w) = -4*w**2 - 15*w + 10. Let a(g) = 5*i(g) + x(g). Let o be a(9). Let p(z) = 4 - o - z - 3. What is p(-3)?
3
Suppose -5*p + y - 40 = 0, 25 + 11 = -3*p + 3*y. Let b(z) = z**3 + 6*z**2 - z + 8. What is b(p)?
-34
Suppose -23 = -3*s + 16. Let p(v) = -6*v**2 + 20 - 11*v + 7*v**2 - 3*v. Let b be p(s). Let k(z) = z**3 - 6*z**2 - 7*z - 5. Determine k(b).
-5
Let f(w) = -8*w + 98*w**2 - 33*w**2 - 30*w**2 + 10 - 34*w**2. Determine f(5).
-5
Let j(v) = 5*v**2 - 4*v**2 - 1 - 3*v**2 + 5*v + 8*v**2 - 3*v. Determine j(1).
7
Let p be 1 - (1 - -1 - -2). Let u(a) = 7*a + 3. Let r(d) = -20*d - 8. Let f(t) = -4*r(t) - 11*u(t). What is f(p)?
-10
Let o(c) be the second derivative of c**5/20 - 3*c**4/4 + 4*c**3/3 - 11*c**2/2 + 287*c. What is o(8)?
-11
Let w(o) = -o**3 - o**2 - 14. Let i be 2*14 - (16 + -16). Suppose -d - i = d. Let p(c) = c**3 + 15*c**2 + 14*c. Let b be p(d). Determine w(b).
-14
Suppose 14*q - 24 = -4*z + 15*q, 3*z = -2*q + 18. Let k(x) = -2*x**2 + 13*x - 14. Determine k(z).
-8
Suppose -17*y = -10*y - 49. Let q(i) = -i**2 + 8*i + 4. What is q(y)?
11
Let p(l) = -28*l - 3 + 115*l - 32*l - 27*l - 33*l + l**2. Calculate p(6).
3
Suppose 39*t - 130 = 26*t. Let x(k) = -k**2 + 9*k + 11. What is x(t)?
1
Let o(j) = 3 + 3 - 2 + j**2 - 4*j. Let d = 19 + -6. Let f = d - 10. What is o(f)?
1
Let r = 159 + -216. Let l be r/9 + (-3 - 30/(-9)). Let v(a) = -a**3 - 4*a**2 + 0*a**2 - 3*a**2 - 1 - 7*a. Determine v(l).
5
Suppose -24*w - 10 = -58. Let l(q) be the second derivative of w*q**2 - 11*q - 1/12*q**4 + 0 - 1/2*q**3. Give l(3).
-14
Let x(y) be the first derivative of -12*y + 1/2*y**3 + 9 + 0*y**2. Let s(n) be the first derivative of x(n). Give s(-1).
-3
Suppose -2*n + 128 = 4*m - 3*n, 2*n = 4*m - 128. Suppose -31*v + m*v + 6 = 0. Let k(q) = -q**2 - 8*q + 4. Calculate k(v).
16
Let c(o) be the second derivative of o**3/2 + 9*o**2/2 + 24*o. Let k = -5 + -2. What is c(k)?
-12
Let h(x) = 2 + 2*x**2 - 5*x**2 + 2*x**2 - 3*x. Suppose 0 = -6*z - 21 - 9. Calculate h(z).
-8
Let j(r) be the first derivative of -r**2/2 + 16*r - 11. Let s be j(13). Suppose -s*n + 0 = -3. Let x(m) = -m. What is x(n)?
-1
Let f(p) = -p**3 + 6*p**2 + 8*p - 2. Let u(n) = 10*n - 23. Let y be u(3). Determine f(y).
5
Let h(p) = -3*p - 2*p**2 - 8*p**2 + 0*p + 12*p**2. Let o(j) = -j**2 + 4*j + 3. Suppose -3*d = -4*l + 2*d - 4, -5*l + 24 = d. Let z be o(l). What is h(z)?
9
Suppose 4*p + 24*j - 21*j = 7, -j = -5*p + 4. Let z(i) = -6*i**2 + 2*i - 1. Determine z(p).
-5
Let g(j) = j - 16. Let y = 802 + -797. Determine g(y).
-11
Let c(r) be the second derivative of r**4/12 - r**3/6 - 3*r**2 + 3*r. Let f = 534 + -529. Determine c(f).
14
Suppose 0 = 3*c + 12 + 6. Let x(t) be the second derivative of -2*t**3/3 - 2*t**2 - 2*t. Let p(z) = 7*z + 9. Let n(q) = 3*p(q) + 5*x(q). What is n(c)?
1
Let j(h) = 6*h**3 + h**2 - 2*h + 1. Let i be (-569)/9 + (-16)/(-72). Let m = i - -64. Give j(m).
6
Suppose -5*i - 39 = 11. Let c(x) = 31*x**2 + 47 - 10*x - 46 - 32*x**2. What is c(i)?
1
Let p(a) be the second derivative of 2/3*a**3 - a - 1/2*a**2 + 0. Suppose 19*i - 86 + 10 = 0. Calculate p(i).
15
Let u(i) = 2*i - 2. Let b(z) = 3*z - 1. Let j(p) = 3*b(p) - 4*u(p). Let s be j(-4). Let d(c) = 0 - 4 + 2 + s + c**2. Give d(-4).
15
Let n(y) = -y**2 - 3*y + 4. Let g(v) be the first derivative of -v**3/3 + 9*v**2/2 - 2*v + 2. Let w be g(10). Let u = 8 + w. Determine n(u).
0
Let z(h) = 5*h + 5. Let q be ((-40)/35)/(-5 - (-222)/42). Calculate z(q).
-15
Let r(w) = -3*w**2 - 1. Let z be r(-1). Let c(x) be the third derivative of 1/60*x**5 + 3*x**2 + 5/6*x**3 + 0 + 7/24*x**4 + 0*x. Give c(z).
-7
Suppose -2*l - 5 = 9. Let m(i) = -2 - 2377*i**2 + 2378*i**2 - 2 + 7*i + 3. Calculate m(l).
-1
Suppose 3*t + 9 = -2*u, 3*u + 0 = -3*t - 6. Let h(k) = -k + 2. Let o be h(u). Let a(q) be the first derivative of -q**4 + 2*q**3/3 - q + 888. What is a(o)?
5
Let l(h) = -h**2 - h + 1. Let r(m) = 5*m**2 + 6*m - 5. Let k(o) = 11*l(o) + 2*r(o). Calculate k(-4).
-19
Let h(d) = -d + 5. Let o(l) = 2*l - 14. Let j be o(9). Suppose -j*a + 8*a = 0. What is h(a)?
5
Let v be (-78)/(-12) + (-2)/4. Let u(x) = -x**3 + x**2 + 2*x + 2. Let a be u(-1). Let h(b) = -2 - 7*b - 8*b**a + 9*b**2 + 4. Calculate h(v).
-4
Let k(q) = q**3 - 2*q**2 - 4*q - 3. Suppose -17 = -2*b + 3*o, -4*b - 15*o = -12*o - 7. Determine k(b).
13
Let m(b) be the first derivative of -11 + 7*b - 5/2*b**2 - 1/3*b**3. What is m(-7)?
-7
Suppose -15 - 5 = -5*l. Let d(k) = -k**2 + 3*k - 12 + 21 - 7. Determine d(l).
-2
Let y(p) be the third derivative of -1/2*p**3 + 1/120*p**5 + 0 + 0*p - 2*p**2 + 3/8*p**4. Let v(t) be the first derivative of y(t). Give v(-6).
3
Suppose -3*d = 30 + 6. Let y be (2/(-4))/(2/d). Let k(b) = b**2 - 2*b - 1. Give k(y).
2
Suppose -q = 5*j - 11, 0 = -6*j + 3*j + q + 5. Let n(i) be the first derivative of i**3 - 2*i**2 - 9 + 2*i - 1/4*i**4. Determine n(j).
-2
Let l(n) = n**2 - 5*n. Let p be l(6). Suppose -p*v - 2 - 34 = 0. Let g(w) be the third derivative of w**4/24 + 4*w**3/3 - 13*w**2. Calculate g(v).
2
Let r(t) = t**2 - 2*t - 8. Suppose -4*n + 2*q + 6 = 0, 3*n + 4*q = -0*n - 12. What is r(n)?
-8
Let z(k) be the first derivative of 4*k**2 + 10*k + 1/3*k**3 - 8. Determine z(-7).
3
Let a(z) be the first derivative of -2*z**3/3 + 5*z**2/2 + 3*z - 49. Determine a(4).
-9
Let k(a) = a - 4. Suppose -v = -5*v - 5*x + 20, -4*x = v - 5. Suppose -2*m + v*f = -28, 5*m - 70 = -3*f + 6*f. Let j = m - 9. What is k(j)?
1
Let a be (-9 + 125/10)*(1 - 3). Let q(o) = 2*o + 1. Give q(a).
-13
Let q(g) be the second derivative of -g**4/12 + 7*g**3/6 - 3*g**2 - 83*g. Let j be (0 - 2/4)*-14. Determine q(j).
-6
Let y(g) = -g - 18. Let i(h) = -3*h - 36. Let s(t) = 2*i(t) - 5*y(t). Let q(j) = -13*j**2 + 8*j + 21. Let l be q(-3). Let z = 120 + l. Determine s(z).
18
Let p(h) = -h + 3. Let u(s) be the first derivative of 2*s**3/3 + 3*s**2 + 6*s + 6. Let y be u(-3). Suppose 3*w - y*w = -6. Determine p(w).
1
Let r(q) = 3085 - q + 3*q + q**3 - 3084 - 6*q**2. Suppose j - 4*j = 5*f - 43, 0 = f - 5. Give r(j).
13
Let p(n) = -91*n + 43*n + 45*n + 12. Give p(8).
-12
Let n(o) = -2*o**2 + 4*o + 29. Let c(s) = s**2 + 2*s - 3. Let f(x) = c(x) + n(x). Calculate f(9).
-1
Let w = 34 - 32. Let x(s) = -12*s + 10*s - w*s**2 + 1 - 2. Give x(2).
-13
Let c = -91 + 82. Let o(d) = -2*d - 9. What is o(c)?
9
Let w(m) = m - 7. Let d(j) be the third derivative of 0 - j**2 + 3/20*j**5 + 0*j - 1/120*j**6 + 0*j**4 + 2/3*j**3. Let v be d(9). What is w(v)?
-3
Let d(g) = -5*g**2 + 11*g + 21. Let c(j) = 6*j**2 - 11*j - 27. Let p(y) = 6*c(y) + 7*d(y). Determine p(-12).
-3
Let f(h) = h**3 + 10*h**2 + 16*h - 2. Let r(g) = g**3 - 14*g**2 + 6*g - 92. Let l be r(14). Determine f(l).
-2
Let g(u) = u**3 + 6*u**2 + 3*u - 2. Let s be 4 - 0*4/20. Let f(n) = -n**3 - 6*n**2 - 4*n + 1. Let d(m) = s*g(m) + 5*f(m). Calculate d(-5).
12
Let n = 3 + -3. Suppose -3*l - 10 - 2 = v, n = 5*l + 15. Let b(h) be the second derivative of -4*h**3/3 - h**2 - 70*h - 11. Calculate b(v).
22
Let c(b) be the third derivative of b**6/120 - b**5/60 - b**4/6 - 2*b**3/3 - 5*b**2 - 9*b. Calculate c(4).
28
Suppose 5*c = -4*o + 7 + 20, -c + 9 = 2*o. Let p(m) = 4*m - 12 - o*m**2 + 6 + 4*m**2. Calculate p(-6).
6
Let a(j) = j**3 - 5*j**2 - 5*j - 5. Let b(t) = -11 - 10*t + 2*t + 11. Let v(n) = -17*n + 1. Let l(z) = 13*b(z) - 6*v(z). Let x be l(-6). Calculate a(x).
1
Let n(b) = -21*b - 27. Let f(h) = -8*h - 9. Let d(u) = -8*f(u) + 3*n(u). What is d(8)?
-1
Let l(j) = -27*j + 180. Let z(o) = 13*o - 80. Let y(p) = -4*l(p) - 9*z(p). Calculate y(-2).
18
Let a(q) be the third derivative of q**4/24 - q**3/6 - 36*q**2. Suppose 5*o = 4*o. Determine a(o).
-1
Let n = 37 - 35. Let x(l) = -4*l**n - 24*l + 4 + 0*l**2 + 3*l**2 + 17*l. Determine x(-8).
-4
Suppose 0 = -5*h + 20, -3*y + 6 = -7*h + 4*h. Let f(r) = -r**3 + 10*r**2 + 7*r + 1. Let s(g) = g**2 + 1. Let n(l) = y*s(l) - f(l). What is n(5)?
-5
Let x(w) be the third derivative of w**6/120 - w**4/24 - 5*w**2. Let i(a) = 2*a**3 + a**2 - 2*a + 14. Let y(m) = -i(m) + 3*x(m). Let p = 2 + -2. Give y(p).
-14
Let b(u) be the second derivative of 9/2*u**2 - 6*u + 0 - 1/3*u**3. Determine b(7).
-5
Let v be -2 + 5 + -6 + 2. Let l be (-7)/((-